{"version":"1.0","provider_name":"Agriturismo Villa Bissiniga I Sal\u00f2 del Garda","provider_url":"https:\/\/www.villabissiniga.com\/de\/","title":"Peler - Agriturismo Villa Bissiniga I Sal\u00f2 del Garda","type":"rich","width":600,"height":338,"html":"<blockquote class=\"wp-embedded-content\" data-secret=\"NRuyUXdyjR\"><a href=\"https:\/\/www.villabissiniga.com\/de\/room\/peler\/\">Peler<\/a><\/blockquote><iframe sandbox=\"allow-scripts\" security=\"restricted\" src=\"https:\/\/www.villabissiniga.com\/de\/room\/peler\/embed\/#?secret=NRuyUXdyjR\" width=\"600\" height=\"338\" title=\"&#8222;Peler&#8220; &#8211; Agriturismo Villa Bissiniga I Sal\u00f2 del Garda\" data-secret=\"NRuyUXdyjR\" frameborder=\"0\" marginwidth=\"0\" marginheight=\"0\" scrolling=\"no\" class=\"wp-embedded-content\"><\/iframe><script type=\"text\/javascript\">\n\/* <![CDATA[ *\/\n\/*! This file is auto-generated *\/\n!function(d,l){\"use strict\";l.querySelector&&d.addEventListener&&\"undefined\"!=typeof URL&&(d.wp=d.wp||{},d.wp.receiveEmbedMessage||(d.wp.receiveEmbedMessage=function(e){var t=e.data;if((t||t.secret||t.message||t.value)&&!\/[^a-zA-Z0-9]\/.test(t.secret)){for(var s,r,n,a=l.querySelectorAll('iframe[data-secret=\"'+t.secret+'\"]'),o=l.querySelectorAll('blockquote[data-secret=\"'+t.secret+'\"]'),c=new RegExp(\"^https?:$\",\"i\"),i=0;i<o.length;i++)o[i].style.display=\"none\";for(i=0;i<a.length;i++)s=a[i],e.source===s.contentWindow&&(s.removeAttribute(\"style\"),\"height\"===t.message?(1e3<(r=parseInt(t.value,10))?r=1e3:~~r<200&&(r=200),s.height=r):\"link\"===t.message&&(r=new URL(s.getAttribute(\"src\")),n=new URL(t.value),c.test(n.protocol))&&n.host===r.host&&l.activeElement===s&&(d.top.location.href=t.value))}},d.addEventListener(\"message\",d.wp.receiveEmbedMessage,!1),l.addEventListener(\"DOMContentLoaded\",function(){for(var e,t,s=l.querySelectorAll(\"iframe.wp-embedded-content\"),r=0;r<s.length;r++)(t=(e=s[r]).getAttribute(\"data-secret\"))||(t=Math.random().toString(36).substring(2,12),e.src+=\"#?secret=\"+t,e.setAttribute(\"data-secret\",t)),e.contentWindow.postMessage({message:\"ready\",secret:t},\"*\")},!1)))}(window,document);\n\/* ]]> *\/\n<\/script>\n","thumbnail_url":"https:\/\/www.villabissiniga.com\/wp-content\/uploads\/2019\/07\/peler-main.jpg","thumbnail_width":1024,"thumbnail_height":683,"description":"das Doppelzimmer ist in sanften und einladenden Farben dekoriert, die eine ruhige Atmosph\u00e4re schaffen. Es verf\u00fcgt \u00fcber eine wundersch\u00f6ne freskenverzierte Zimmerdecke, die einen Hauch von Eleganz ausstrahlt und zusammen mit einem originalen Kamin, dem Zimmer seinen Charme verleiht. Dieses reizende Zimmer ist bequem als erster Raum im Hauptgeschoss der Villa gelegen und bietet einen herrlichen [&hellip;]"}

Agriturismo Villa Bissiniga I Salò del Garda

Peler - Agriturismo Villa Bissiniga I Salò del Garda

<blockquote class="wp-embedded-content" data-secret="NRuyUXdyjR"><a href="https://www.villabissiniga.com/de/room/peler/">Peler</a></blockquote><iframe sandbox="allow-scripts" security="restricted" src="https://www.villabissiniga.com/de/room/peler/embed/#?secret=NRuyUXdyjR" width="600" height="338" title="&#8222;Peler&#8220; &#8211; Agriturismo Villa Bissiniga I Salò del Garda" data-secret="NRuyUXdyjR" frameborder="0" marginwidth="0" marginheight="0" scrolling="no" class="wp-embedded-content"></iframe><script type="text/javascript">
/* <![CDATA[ */
/*! This file is auto-generated */
!function(d,l){"use strict";l.querySelector&&d.addEventListener&&"undefined"!=typeof URL&&(d.wp=d.wp||{},d.wp.receiveEmbedMessage||(d.wp.receiveEmbedMessage=function(e){var t=e.data;if((t||t.secret||t.message||t.value)&&!/[^a-zA-Z0-9]/.test(t.secret)){for(var s,r,n,a=l.querySelectorAll('iframe[data-secret="'+t.secret+'"]'),o=l.querySelectorAll('blockquote[data-secret="'+t.secret+'"]'),c=new RegExp("^https?:$","i"),i=0;i<o.length;i++)o[i].style.display="none";for(i=0;i<a.length;i++)s=a[i],e.source===s.contentWindow&&(s.removeAttribute("style"),"height"===t.message?(1e3<(r=parseInt(t.value,10))?r=1e3:~~r<200&&(r=200),s.height=r):"link"===t.message&&(r=new URL(s.getAttribute("src")),n=new URL(t.value),c.test(n.protocol))&&n.host===r.host&&l.activeElement===s&&(d.top.location.href=t.value))}},d.addEventListener("message",d.wp.receiveEmbedMessage,!1),l.addEventListener("DOMContentLoaded",function(){for(var e,t,s=l.querySelectorAll("iframe.wp-embedded-content"),r=0;r<s.length;r++)(t=(e=s[r]).getAttribute("data-secret"))||(t=Math.random().toString(36).substring(2,12),e.src+="#?secret="+t,e.setAttribute("data-secret",t)),e.contentWindow.postMessage({message:"ready",secret:t},"*")},!1)))}(window,document);
/* ]]> */
</script>

das Doppelzimmer ist in sanften und einladenden Farben dekoriert, die eine ruhige Atmosphäre schaffen. Es verfügt über eine wunderschöne freskenverzierte Zimmerdecke, die einen Hauch von Eleganz ausstrahlt und zusammen mit einem originalen Kamin, dem Zimmer seinen Charme verleiht. Dieses reizende Zimmer ist bequem als erster Raum im Hauptgeschoss der Villa gelegen und bietet einen herrlichen [&hellip;]
